 i = h + 1. Suppose 57 - 225 = -i*k. What are the prime factors of k?
2, 3, 7
Suppose -3*c + 5*j + 134 = -4*c, 243 = -2*c - 5*j. Let x = c + 79. Let d = x - -160. List the prime factors of d.
2, 5, 13
Suppose 13*a = 12*a + 15. Suppose 1355 = a*d - 10*d. Suppose c = n - 77, -4*n = 5*c - d - 46. What are the prime factors of n?
2, 3, 13
Let i(h) = 9*h + 11. Let f be i(0). Suppose f*k + 635 = 16*k. List the prime factors of k.
127
Let m = 365 + -345. What are the prime factors of (4975/m)/((-70)/(-336))?
2, 3, 199
Let k(b) = 4*b**2 - 47*b - 109. Let g be k(27). Suppose -2*a - 4*i + 3072 = 0, -a - 7*i = -3*i - g. List the prime factors of a.
2, 13, 59
Suppose -v + 16860 = -4*h, 5*v + h = 34893 + 49428. List the prime factors of v.
2, 17, 31
Suppose 2*o + 47340 = 5*h, -3*h + 5*o - 2*o = -28404. What are the prime factors of h?
2, 3, 263
Let p(k) = 11527*k**2 - 7*k - 5. What are the prime factors of p(-1)?
3, 7, 61
Let p = -15 + 19. Suppose p*t - 3*t = 4, -4*z = 5*t + 420. Let w = -89 - z. What are the prime factors of w?
3, 7
Suppose -29656 = -5*y - 2*g, -y - 667 = -g - 6594. What are the prime factors of y?
2, 5, 593
Let x(h) = -1553*h - 2503. List the prime factors of x(-18).
31, 821
Suppose -12*q + 325 = -323. Suppose q = f - 226. What are the prime factors of f?
2, 5, 7
Let o(j) = 6*j**2 - 3*j - 7. Let s be 2/(4 + (-40)/12). Suppose -15 = -3*x - s. List the prime factors of o(x).
7, 11
Let b(d) = 2526*d**2 - 189*d - 381. List the prime factors of b(-2).
3, 7, 13, 37
Let r(s) = 2*s**2 + 42*s - 62. Let v be r(-30). Suppose 0*o + 4*k = -3*o + v, 0 = k - 4. What are the prime factors of o?
2, 7, 11
Suppose 4*u - 5724 = 4*t, 0 = -2*u + 3*u - 4*t - 1437. Suppose 10*w - u - 821 = 0. Suppose w - 35 = 5*q. List the prime factors of q.
2, 19
Let i(u) = u**2 - 23*u - 72 - 2*u**2 + 2*u**2 + 16*u. List the prime factors of i(20).
2, 47
Suppose -32*a + 10*a = -8382. Let t = a - -222. List the prime factors of t.
3, 67
Let g = -10 - -54. Let h = g - 17. What are the prime factors of 534/h + (-10)/(-45)?
2, 5
Let q = 21132 + -4102. List the prime factors of q.
2, 5, 13, 131
Let t = -1489 + -12. Let i = 2472 + t. What are the prime factors of i?
971
Suppose 3*r + 2 = 2*r, -2*r = 3*q + 7. Let u be (-4 - -7)/q - -93. Let l = 181 - u. List the prime factors of l.
7, 13
Let s = 124 + 8107. What are the prime factors of s?
8231
List the prime factors of 24337 - (-60)/(-12 + 22).
11, 2213
Let g(w) = 3*w**2 + 14*w + 119. Let c(a) = -a**2 - 8*a - 59. Let h(f) = 5*c(f) + 2*g(f). List the prime factors of h(30).
3, 7, 23
Suppose 5*u = 3*a - 37, -4*u - 1 - 7 = 3*a. Suppose -3*q - b + 6231 = 2*b, a = -2*b. What are the prime factors of q?
3, 7, 11
Suppose 4 = v, 5*s + 2*v - 4 = 6*s. Suppose -736 = -5*j + s*c, 0 = 9*c - 12*c + 3. List the prime factors of j.
2, 37
Let c be 3*(-3)/(-3) + -6 - 184. Let j = c + 199. What are the prime factors of j?
2, 3
List the prime factors of (3 - 10 - -2)*(-1 - (3883 + -4)).
2, 5, 97
Let y(m) = -m**2 - 5*m - 6. Let z be y(-3). Suppose 6*o - 45 + 15 = z. Suppose q - 298 = -o*d, -d + 2*q = -0*d - 53. List the prime factors of d.
59
Let z = -4700 + 7331. List the prime factors of z.
3, 877
Let k(d) = 23*d**3 - 13*d**2 - 2*d - 30. List the prime factors of k(9).
2, 3, 7, 373
Suppose 3*c + 15 = 0, -c - 348 = -3*k - 112. Let s = -45 + k. Suppose s + 192 = 4*j. List the prime factors of j.
2, 7
Let u(f) = 3*f**2 + 9*f - 6. Let m be u(8). Suppose -5*g + 10 = 435. Let i = g + m. List the prime factors of i.
173
Let s = -14 + -7. Let z be (-1670)/(-14) - (-6)/s. Let t = 174 - z. What are the prime factors of t?
5, 11
What are the prime factors of 1 + 4/(-6) + (-28675220)/(-3585)?
19, 421
Let q = -569 + 961. Suppose 11*c - q = 7*c. Suppose 3*m - 40 = c. List the prime factors of m.
2, 23
Let k(n) = 83*n**2 - 11*n - 24. Suppose 15 = -28*v - 69. What are the prime factors of k(v)?
2, 3, 7
Suppose -127*n = 14*n - 4256931. What are the prime factors of n?
7, 19, 227
Suppose 70*t - 72*t + 17690 = -4*q, -8853 = -t + 4*q. What are the prime factors of t?
8837
Let w = 92 - 160. Let o = -4 - w. List the prime factors of o.
2
Let h = 70 + 194. Let z = 167 + h. What are the prime factors of z?
431
Let i(g) = 62*g + 280. Let x be i(8). Let q = x - 224. List the prime factors of q.
2, 3, 23
Suppose -2*v = -v - 2. Let n be (-1)/2 - (-9)/v. Suppose n = 7*x - 17. What are the prime factors of x?
3
Let v(a) be the third derivative of 17*a**4/12 - a**3/3 + 19*a**2. Suppose l - 3*l + 4 = 0. List the prime factors of v(l).
2, 3, 11
Let o = 4432 + -3299. List the prime factors of o.
11, 103
Suppose 0 = 27*w - 30864 + 5619. What are the prime factors of w?
5, 11, 17
Let m be (-15 - 69)*2/(-6)*1. Suppose -g = 5*u - 18, g + m = 5*u - 3*g. Suppose -7*k = -u*k - 624. List the prime factors of k.
2, 13
Let o(m) = 2*m**3 - 3*m**2 + 11*m - 8. Let y be (-27)/(-4) + 39/(-52). What are the prime factors of o(y)?
2, 191
Let g(y) be the third derivative of -y**5/60 + 3*y**4/4 + 20*y**3/3 - 13*y**2. Let x be g(20). Suppose x = -10*o - 0*o + 470. List the prime factors of o.
47
Suppose 2*p + 3*p - 34495 = -2*n, 0 = -3*p + 4*n + 20671. What are the prime factors of p?
3, 11, 19
Let f(c) = 5*c + 23. Let o(d) = -3*d + 24. Let q be (2 + -1)*(11 + -5 + 2). Let y be o(q). List the prime factors of f(y).
23
Suppose -3*q = 4*b - 6651, 2*q = -36*b + 41*b - 8285. What are the prime factors of b?
3, 7, 79
Suppose -6 = 3*k, -4*s = -5*k - 3 - 15. Suppose -9*l = -7*l + s, -5*r - l + 14 = 0. List the prime factors of (r/(-18))/1 - 1058/(-12).
2, 11
Let c(o) = -2*o**3 - 8*o**2 + 4*o - 9. Suppose -57*h + 63*h + 48 = 0. List the prime factors of c(h).
3, 157
Let r be (-8)/(-4) - 0 - (-3)/3. Let z be ((-5)/(-10))/(1/2)*r. Suppose z*i - i = 84. What are the prime factors of i?
2, 3, 7
Let b(m) = 20*m + 40. Let k be b(-2). Suppose k = d + 4*l - 578, -2*d + 19 = 3*l - 1117. What are the prime factors of d?
2, 281
What are the prime factors of ((-1)/4)/((-18)/(0 - -288072))?
4001
Suppose -7 = 4*y - 15, -3*g = -4*y - 1. Suppose -g*l + 612 = 3*n, -3*n - 2*l = -21 - 592. What are the prime factors of n?
5, 41
Suppose -2*y = -3*y + 5*d + 29, 2*y - 53 = 5*d. Suppose -y*k + 27*k - 54 = 0. List the prime factors of (42/k)/(-1*1/(-24)).
2, 7
Suppose -96741 = -30*v + 89229 + 21030. What are the prime factors of v?
2, 3, 5, 23
Let x(i) = i. Let k(n) = 92*n + 20. Let j(v) = -k(v) + 3*x(v). Let o be 1/(12/8*1/(-3)). List the prime factors of j(o).
2, 79
Let w be 26*1*(-2 - -1). What are the prime factors of (-1)/(-1)*(w - -93)?
67
Suppose -4*f = -3*k + 1745, -2*f - 2*k - 220 - 642 = 0. Let d = f + 1534. What are the prime factors of d?
2, 5, 11
Let q(g) = 49*g + 23. Suppose -5*w = -2*w - 15. Let b be q(w). Suppose 3*k = 4*x + b, -4*x = k - 44 - 40. What are the prime factors of k?
2, 11
Suppose -10*g - 118 = 332. Let h be ((-6)/5)/((-18)/g). What are the prime factors of h/(-2) - 5496/(-48)?
2, 29
What are the prime factors of (58 - 156)*(-45)/1?
2, 3, 5, 7
Suppose -4*u + j - 137 = 221, 0 = 5*j - 10. Let g = -21 - u. List the prime factors of g.
2, 17
Let q(j) = j - 26. Let d be q(0). Let s = 31 + d. Let w = s - -21. What are the prime factors of w?
2, 13
Let w(y) = -6*y**2 + 3*y**2 - 2*y - 3 + 2*y**2 - 3*y. Let p be w(-4). List the prime factors of (-7)/(p/(-8)*2).
2, 7
Let w = -362 + 250. What are the prime factors of (3720/(-120))/(2/w)?
2, 7, 31
Let n = -90 - -127. Suppose -33*g = 2*a - n*g - 1332, -5*g = -5*a + 3340. What are the prime factors of a?
2, 5, 67
Suppose -2*p = 5*l - 6 - 10, -10 = -5*l. Suppose -p*k - 6 = -36. Suppose -4*z - 2*f = -40, 8*f = 3*f - k. List the prime factors of z.
11
Suppose 0 = -3*c - 10*s + 9418, 8*s + 9410 = 3*c + 10*s. What are the prime factors of c?
2, 7
Suppose 0 = -40*r + 34*r + 3444. Let m = -112 + r. What are the prime factors of m?
2, 3, 7, 11
Let s be (20/8 - 4)*-44. Suppose 0*r - 4*m = -2*r + 42, s = 4*r - 2*m. List the prime factors of r + -14 - (-54 + (2 - 1)).
2, 3
Suppose -2*g = -2*d - 19562 - 4486, 36096 = 3*g + d. What are the prime factors of g?
2, 3, 5, 401
Suppose f - 3*r = 16 + 10, -12 = 3*r. Let y(o) = -o + 14. Let g be y(f). Suppose 0 = m - g*m - 51. What are the prime factors of m?
3, 17
Let o = -3204 + 4533. What are the prime factors of o?
3, 443
Let c(i) 